{"id":121,"date":"2021-03-18T15:37:42","date_gmt":"2021-03-18T15:37:42","guid":{"rendered":"http:\/\/juristconsult.md\/?page_id=121"},"modified":"2021-03-18T15:37:42","modified_gmt":"2021-03-18T15:37:42","slug":"10-accidente-rutiere-incalcarea-regulamentului-circulatiei-rutiere","status":"publish","type":"page","link":"http:\/\/juristconsult.md\/index.php\/10-accidente-rutiere-incalcarea-regulamentului-circulatiei-rutiere\/","title":{"rendered":"10. ACCIDENTE RUTIERE. \u00ceNC\u0102LCAREA REGULAMENTULUI CIRCULA\u021aIEI RUTIERE"},"content":{"rendered":"<p>[et_pb_section fb_built=&#8221;1&#8243; _builder_version=&#8221;4.4.6&#8243;][et_pb_row column_structure=&#8221;2_5,3_5&#8243; _builder_version=&#8221;4.4.6&#8243; saved_tabs=&#8221;all&#8221;][et_pb_column type=&#8221;2_5&#8243; _builder_version=&#8221;4.4.6&#8243;][et_pb_image src=&#8221;http:\/\/juristconsult.md\/wp-content\/uploads\/2021\/03\/10-Accidente.jpg&#8221; title_text=&#8221;10 Accidente&#8221; _builder_version=&#8221;4.4.6&#8243; hover_enabled=&#8221;0&#8243; border_radii=&#8221;on|20px|20px|20px|20px&#8221; box_shadow_style=&#8221;preset3&#8243;][\/et_pb_image][\/et_pb_column][et_pb_column type=&#8221;3_5&#8243; _builder_version=&#8221;4.4.6&#8243;][et_pb_text _builder_version=&#8221;4.4.6&#8243; text_font=&#8221;||||||||&#8221; text_font_size=&#8221;18px&#8221; background_color=&#8221;rgba(0,0,0,0)&#8221; text_orientation=&#8221;justified&#8221; custom_margin=&#8221;||||false|false&#8221; animation_style=&#8221;slide&#8221; hover_enabled=&#8221;0&#8243;]<\/p>\n<h2 style=\"text-align: left;\"><strong><em>ACCIDENTE RUTIERE. \u00ceNC\u0102LCAREA REGULAMENTULUI CIRCULA\u021aIEI RUTIERE<\/em> <\/strong><\/h2>\n<p>Aacesta este un motiv bun pentru a v\u0103 consulta cu un avocat. Sfaturile sale v\u0103 vor ajuta s\u0103 v\u0103 comporta\u021bi corect cu ofi\u021berii poli\u021biei rutiere, pentru a minimaliza daunele \u0219i alte consecin\u021be negative \u00een viitor. Consultarea este necesar\u0103 mai ales dac\u0103 exist\u0103 victime \u00eentr-un accident, deoarece \u00een acest caz este prev\u0103zut\u0103 r\u0103spundere penal\u0103.<\/p>\n<p>Asisten\u021ba juridic\u0103 primit\u0103 \u00een timp util \u00een caz de accident va ajuta la evitarea acuza\u021biilor false \u0219i a erorilor procedurale. Avoca\u021bii <strong><em>\u201dK\u201d<\/em><\/strong> v\u0103 vor explica ce documente trebuie \u00eentocmite la fa\u021ba locului \u0219i ce drepturi ave\u021bi dup\u0103 incident.<\/p>\n<p>\u00cen plus, v\u0103 vom ajuta cu urm\u0103toarele probleme:<\/p>\n<ul>\n<li>contestarea deciziei poli\u021biei rutiere cu privire la o contraven\u021bie;<\/li>\n<li>pl\u00eengere \u00eempotriva ac\u021biunilor ilegale ale agentului constatator;<\/li>\n<li>desp\u0103gubiri pentru daunele cauzate ca urmare a unui accident;<\/li>\n<li>desp\u0103gubiri pentru daune morale \u00een caz de accident;<\/li>\n<li>primirea desp\u0103gubirilor de asigurare de la compania de asigur\u0103ri responsabil\u0103 pentru accident.<\/li>\n<\/ul>\n<p>[\/et_pb_text][et_pb_button button_text=&#8221;Contacteaz\u0103-ne acum!&#8221; _builder_version=&#8221;4.4.6&#8243;][\/et_pb_button][\/et_pb_column][\/et_pb_row][\/et_pb_section]<\/p>\n","protected":false},"excerpt":{"rendered":"<p>[et_pb_section fb_built=&#8221;1&#8243; _builder_version=&#8221;4.4.6&#8243;][et_pb_row column_structure=&#8221;2_5,3_5&#8243; _builder_version=&#8221;4.4.6&#8243; saved_tabs=&#8221;all&#8221;][et_pb_column type=&#8221;2_5&#8243; _builder_version=&#8221;4.4.6&#8243;][et_pb_image src=&#8221;http:\/\/juristconsult.md\/wp-content\/uploads\/2021\/03\/10-Accidente.jpg&#8221; title_text=&#8221;10 Accidente&#8221; _builder_version=&#8221;4.4.6&#8243; hover_enabled=&#8221;0&#8243; border_radii=&#8221;on|20px|20px|20px|20px&#8221; box_shadow_style=&#8221;preset3&#8243;][\/et_pb_image][\/et_pb_column][et_pb_column type=&#8221;3_5&#8243; _builder_version=&#8221;4.4.6&#8243;][et_pb_text _builder_version=&#8221;4.4.6&#8243; text_font=&#8221;||||||||&#8221; text_font_size=&#8221;18px&#8221; background_color=&#8221;rgba(0,0,0,0)&#8221; text_orientation=&#8221;justified&#8221; custom_margin=&#8221;||||false|false&#8221; animation_style=&#8221;slide&#8221; hover_enabled=&#8221;0&#8243;] ACCIDENTE RUTIERE. \u00ceNC\u0102LCAREA REGULAMENTULUI CIRCULA\u021aIEI RUTIERE Aacesta este un motiv bun pentru a v\u0103 consulta cu un avocat. Sfaturile sale v\u0103 vor ajuta s\u0103 v\u0103 comporta\u021bi corect cu ofi\u021berii poli\u021biei [&hellip;]<\/p>\n","protected":false},"author":1,"featured_media":0,"parent":0,"menu_order":0,"comment_status":"closed","ping_status":"closed","template":"","meta":{"_et_pb_use_builder":"on","_et_pb_old_content":"","_et_gb_content_width":"","footnotes":""},"class_list":["post-121","page","type-page","status-publish","hentry"],"_links":{"self":[{"href":"http:\/\/juristconsult.md\/index.php\/wp-json\/wp\/v2\/pages\/121","targetHints":{"allow":["GET"]}}],"collection":[{"href":"http:\/\/juristconsult.md\/index.php\/wp-json\/wp\/v2\/pages"}],"about":[{"href":"http:\/\/juristconsult.md\/index.php\/wp-json\/wp\/v2\/types\/page"}],"author":[{"embeddable":true,"href":"http:\/\/juristconsult.md\/index.php\/wp-json\/wp\/v2\/users\/1"}],"replies":[{"embeddable":true,"href":"http:\/\/juristconsult.md\/index.php\/wp-json\/wp\/v2\/comments?post=121"}],"version-history":[{"count":2,"href":"http:\/\/juristconsult.md\/index.php\/wp-json\/wp\/v2\/pages\/121\/revisions"}],"predecessor-version":[{"id":125,"href":"http:\/\/juristconsult.md\/index.php\/wp-json\/wp\/v2\/pages\/121\/revisions\/125"}],"wp:attachment":[{"href":"http:\/\/juristconsult.md\/index.php\/wp-json\/wp\/v2\/media?parent=121"}],"curies":[{"name":"wp","href":"https:\/\/api.w.org\/{rel}","templated":true}]}}