{"id":5,"date":"2021-01-11T15:34:24","date_gmt":"2021-01-11T15:34:24","guid":{"rendered":"http:\/\/juristconsult.md\/?page_id=5"},"modified":"2022-01-31T10:59:47","modified_gmt":"2022-01-31T10:59:47","slug":"5-2","status":"publish","type":"page","link":"http:\/\/juristconsult.md\/","title":{"rendered":"Acas\u0103"},"content":{"rendered":"<p>[et_pb_section fb_built=&#8221;1&#8243; fullwidth=&#8221;on&#8221; _builder_version=&#8221;4.4.6&#8243;][et_pb_fullwidth_header text_orientation=&#8221;center&#8221; header_fullscreen=&#8221;on&#8221; header_scroll_down=&#8221;on&#8221; button_one_text=&#8221;Ob\u021bine o consulta\u021bie on-line&#8221; background_overlay_color=&#8221;rgba(0,0,0,0)&#8221; _builder_version=&#8221;4.4.6&#8243; title_font=&#8221;||||||||&#8221; background_enable_color=&#8221;off&#8221; background_image=&#8221;http:\/\/juristconsult.md\/wp-content\/uploads\/2021\/07\/wp4011487-justice-wallpapers.jpg&#8221; parallax=&#8221;on&#8221; custom_button_one=&#8221;on&#8221; button_one_text_size=&#8221;21px&#8221; button_one_bg_color=&#8221;#a31326&#8243; button_one_border_width=&#8221;0px&#8221; button_one_border_radius=&#8221;6px&#8221; button_one_letter_spacing=&#8221;2px&#8221; button_one_font=&#8221;|||on|||||&#8221; button_one_icon=&#8221;%%45%%&#8221; hover_enabled=&#8221;0&#8243; title_text_shadow_style=&#8221;preset1&#8243; button_one_text_shadow_style=&#8221;preset3&#8243; box_shadow_style_button_one=&#8221;preset1&#8243; button_one_url=&#8221;m.me\/109412784768592&#8243;][\/et_pb_fullwidth_header][\/et_pb_section][et_pb_section fb_built=&#8221;1&#8243; fullwidth=&#8221;on&#8221; _builder_version=&#8221;4.4.6&#8243; background_color=&#8221;#3a6b1c&#8221;][et_pb_fullwidth_slider _builder_version=&#8221;4.4.6&#8243; background_color=&#8221;#cd5c5c&#8221; use_background_color_gradient=&#8221;on&#8221; background_color_gradient_start=&#8221;#cd5c5c&#8221; background_color_gradient_end=&#8221;#fff&#8221; background_color_gradient_start_position=&#8221;50%&#8221; background_enable_image=&#8221;off&#8221; custom_margin=&#8221;0px||||false|false&#8221; custom_padding=&#8221;90px||90px||true|false&#8221;][et_pb_slide heading=&#8221;Consultan\u021b\u0103 juridic\u0103 de drept civil, penal sau comercial \u00een pandemie!&#8221; button_text=&#8221;Vezi detalii&#8221; _builder_version=&#8221;4.4.6&#8243; background_enable_color=&#8221;off&#8221; border_radii_image=&#8221;on|10px|10px|10px|10px&#8221; box_shadow_style_image=&#8221;preset3&#8243;]<\/p>\n<p><span>Cei care ave\u021bi nevoie de\u00a0<strong>consultan\u021b\u0103 juridic\u0103 de drept civil, penal sau comercial \u00een pandemie,<\/strong>\u00a0\u0219ti\u021bi c\u0103 nu e foarte u\u0219or s\u0103 o ob\u021bine\u021bi \u00een condi\u021biile restrictive de acum.<\/span><\/p>\n<p><span>\u0218i totu\u0219i\u2026 Parc\u0103 lucrurile \u00eencep s\u0103 se mi\u0219te\u2026<\/span><\/p>\n<p>[\/et_pb_slide][\/et_pb_fullwidth_slider][\/et_pb_section][et_pb_section fb_built=&#8221;1&#8243; _builder_version=&#8221;4.4.6&#8243; global_module=&#8221;223&#8243;][et_pb_row column_structure=&#8221;1_4,1_4,1_4,1_4&#8243; _builder_version=&#8221;4.4.6&#8243;][et_pb_column type=&#8221;1_4&#8243; _builder_version=&#8221;4.4.6&#8243;][et_pb_blurb title=&#8221;CREDITE&#8221; url=&#8221;http:\/\/juristconsult.md\/index.php\/1-credite\/&#8221; image=&#8221;http:\/\/juristconsult.md\/wp-content\/uploads\/2021\/03\/1-credite.jpg&#8221; _builder_version=&#8221;4.4.6&#8243; background_color=&#8221;#f4f4f4&#8243; text_orientation=&#8221;center&#8221; custom_margin=&#8221;||||false|false&#8221; custom_padding=&#8221;10px|10px|10px|10px|true|true&#8221; border_radii=&#8221;on|10px|10px|10px|10px&#8221; box_shadow_style=&#8221;preset1&#8243;]<\/p>\n<p><span>Principala cerin\u021b\u0103 a creditorilor \u00een rela\u021biile juridice de credit este rambursarea la timp a datoriilor, iar starea financiar\u0103 a debitorilor este o problem\u0103 cheie&#8230;<\/span><\/p>\n<p>[\/et_pb_blurb][et_pb_blurb title=&#8221;TRANZAC\u021aII IMOBILIARE&#8221; url=&#8221;http:\/\/juristconsult.md\/index.php\/5-tranzactii-imobiliare-2\/&#8221; image=&#8221;http:\/\/juristconsult.md\/wp-content\/uploads\/2021\/03\/5-tranzactii-imobiliare-1.jpg&#8221; _builder_version=&#8221;4.4.6&#8243; text_orientation=&#8221;center&#8221; custom_margin=&#8221;||||false|false&#8221; custom_padding=&#8221;10px|10px|10px|10px|true|true&#8221; border_radii=&#8221;on|10px|10px|10px|10px&#8221; box_shadow_style=&#8221;preset1&#8243;]<\/p>\n<p><span>Consulta\u021bia juridic\u0103 exact\u0103 \u0219i complet\u0103 este un serviciu util \u00een orice etap\u0103 a unei tranzac\u021bii imobiliare. La urma urmei, chiar \u0219i o simpl\u0103 gre\u0219eal\u0103 de eroare &#8230;<\/span><\/p>\n<p>[\/et_pb_blurb][et_pb_blurb title=&#8221;LITIGII DE MUNC\u0102&#8221; url=&#8221;http:\/\/juristconsult.md\/index.php\/9-litigii-de-munca\/&#8221; image=&#8221;http:\/\/juristconsult.md\/wp-content\/uploads\/2021\/03\/9-litigii-de-munca-1.jpg&#8221; _builder_version=&#8221;4.4.6&#8243; background_color=&#8221;#f4f4f4&#8243; text_orientation=&#8221;center&#8221; custom_margin=&#8221;||||false|false&#8221; custom_padding=&#8221;10px|10px|10px|10px|true|true&#8221; border_radii=&#8221;on|10px|10px|10px|10px&#8221; box_shadow_style=&#8221;preset1&#8243;]<\/p>\n<p><span>Pe parcursul muncii, pot ap\u0103rea diferite dezacorduri \u0219i conflicte \u00eentre angaja\u021bi \u0219i angajator, care sunt extrem de dificile sau imposibil de rezolvat pa\u0219nic&#8230;<\/span><\/p>\n<p>[\/et_pb_blurb][\/et_pb_column][et_pb_column type=&#8221;1_4&#8243; _builder_version=&#8221;4.4.6&#8243;][et_pb_blurb title=&#8221;\u00ceNCASAREA DATORIILOR&#8221; url=&#8221;http:\/\/juristconsult.md\/index.php\/2-incasarea-datoriilor\/&#8221; image=&#8221;http:\/\/juristconsult.md\/wp-content\/uploads\/2021\/03\/2-incasare-datorii-1.jpg&#8221; _builder_version=&#8221;4.4.6&#8243; text_orientation=&#8221;center&#8221; custom_margin=&#8221;||||false|false&#8221; custom_padding=&#8221;10px|10px|10px|10px|true|true&#8221; border_radii=&#8221;on|10px|10px|10px|10px&#8221; box_shadow_style=&#8221;preset1&#8243;]<\/p>\n<p><span>Cerin\u021ba de baz\u0103 \u00een acordarea unui \u00eemprumut fie prin semnarea unui contract la notar, \u00eentocmirea unei recipise sau acordarea unui \u00eemprumut f\u0103r\u0103 nici&#8230;<\/span><\/p>\n<p>[\/et_pb_blurb][et_pb_blurb title=&#8221;LITIGII LOCATIVE&#8221; url=&#8221;http:\/\/juristconsult.md\/index.php\/6-litigii-locative-2\/&#8221; image=&#8221;http:\/\/juristconsult.md\/wp-content\/uploads\/2021\/03\/6-litigii-locative-1.jpg&#8221; _builder_version=&#8221;4.4.6&#8243; background_color=&#8221;#f4f4f4&#8243; text_orientation=&#8221;center&#8221; custom_margin=&#8221;||||false|false&#8221; custom_padding=&#8221;10px|10px|10px|10px|true|true&#8221; border_radii=&#8221;on|10px|10px|10px|10px&#8221; box_shadow_style=&#8221;preset1&#8243;]<\/p>\n<p><span>Una dintre cele mai presante probleme care provoac\u0103 o mare cantitate de controverse este, desigur, domeniul rela\u021biilor legate de locuin\u021ba\u00a0<\/span><span>cet\u0103\u021benilor&#8230;<\/span><\/p>\n<p>[\/et_pb_blurb][et_pb_blurb title=&#8221;ACCIDENTE RUTIERE&#8221; url=&#8221;http:\/\/juristconsult.md\/index.php\/10-accidente-rutiere-incalcarea-regulamentului-circulatiei-rutiere\/&#8221; image=&#8221;http:\/\/juristconsult.md\/wp-content\/uploads\/2021\/03\/10-accidentele-rutiere.jpg&#8221; _builder_version=&#8221;4.4.6&#8243; text_orientation=&#8221;center&#8221; custom_margin=&#8221;||||false|false&#8221; custom_padding=&#8221;10px|10px|10px|10px|true|true&#8221; border_radii=&#8221;on|10px|10px|10px|10px&#8221; box_shadow_style=&#8221;preset1&#8243;]<\/p>\n<p><span>Acesta este un motiv bun pentru a v\u0103 consulta cu un avocat. Sfaturile sale v\u0103 vor ajuta s\u0103 v\u0103 comporta\u021bi corect cu ofi\u021berii poli\u021biei rutiere, pentru a minimaliza daunele&#8230;<\/span><\/p>\n<p>[\/et_pb_blurb][et_pb_blurb title=&#8221;DREPT PENAL&#8221; url=&#8221;http:\/\/juristconsult.md\/index.php\/13-drept-penal-2\/&#8221; image=&#8221;http:\/\/juristconsult.md\/wp-content\/uploads\/2021\/03\/13-drept-penal-1.jpg&#8221; _builder_version=&#8221;4.4.6&#8243; background_color=&#8221;#f4f4f4&#8243; text_orientation=&#8221;center&#8221; custom_margin=&#8221;||||false|false&#8221; custom_padding=&#8221;10px|10px|10px|10px|true|true&#8221; border_radii=&#8221;on|10px|10px|10px|10px&#8221; box_shadow_style=&#8221;preset1&#8243;]<\/p>\n<p><span>\u00centr-un dosar penal, este extrem de important s\u0103 v\u0103 cunoa\u0219te\u021bi drepturile \u0219i obliga\u021biile, indiferent de statut. Ofi\u021berii de urm\u0103rire penal\u0103 au dreptul de a efectua &#8230;<\/span><\/p>\n<p>[\/et_pb_blurb][\/et_pb_column][et_pb_column type=&#8221;1_4&#8243; _builder_version=&#8221;4.4.6&#8243;][et_pb_blurb title=&#8221;APLANAREA CONFLICTELOR&#8221; url=&#8221;http:\/\/juristconsult.md\/index.php\/3-aplanarea-conflictelor\/&#8221; image=&#8221;http:\/\/juristconsult.md\/wp-content\/uploads\/2021\/03\/3-aplanarea-conflictelor.jpg&#8221; _builder_version=&#8221;4.4.6&#8243; header_line_height=&#8221;1.1em&#8221; background_color=&#8221;#f4f4f4&#8243; text_orientation=&#8221;center&#8221; custom_margin=&#8221;||||false|false&#8221; custom_padding=&#8221;10px|10px|10px|10px|true|true&#8221; border_radii=&#8221;on|10px|10px|10px|10px&#8221; box_shadow_style=&#8221;preset1&#8243;]<\/p>\n<p><span>Fiecare persoan\u0103 dore\u0219te ca orice situa\u021bie nepl\u0103cut\u0103 s\u0103 fie clarificat\u0103 f\u0103r\u0103 a merge \u00een instan\u021ba, \u00eens\u0103 de obicei cealalt\u0103 parte parc\u0103 nu ne aude&#8230;.<\/span><\/p>\n<p>[\/et_pb_blurb][et_pb_blurb title=&#8221;LITIGII FAMILIALE&#8221; url=&#8221;http:\/\/juristconsult.md\/index.php\/7-litigii-familiale\/&#8221; image=&#8221;http:\/\/juristconsult.md\/wp-content\/uploads\/2021\/03\/7-litigii-familiale.jpg&#8221; _builder_version=&#8221;4.4.6&#8243; text_orientation=&#8221;center&#8221; custom_margin=&#8221;||||false|false&#8221; custom_padding=&#8221;10px|10px|10px|10px|true|true&#8221; border_radii=&#8221;on|10px|10px|10px|10px&#8221; box_shadow_style=&#8221;preset1&#8243;]<\/p>\n<p><span>Disputele de familie sunt dificile din punct de vedere emo\u021bional pentru participan\u021bi. Este greu s\u0103 r\u0103m\u00e2i rece \u0219i s\u0103 iei deciziile corecte atunci c\u00e2nd vine vorba de divor\u021b&#8230;<\/span><\/p>\n<p>[\/et_pb_blurb][et_pb_blurb title=&#8221;ACTIVITATE ANTREPRENORIAL\u0102&#8221; url=&#8221;http:\/\/juristconsult.md\/index.php\/11-asistenta-juridica-lunara-a-activitatii-zilnice-a-companiei\/&#8221; image=&#8221;http:\/\/juristconsult.md\/wp-content\/uploads\/2021\/03\/11-activitatea-antreprenoriala.jpg&#8221; _builder_version=&#8221;4.4.6&#8243; header_line_height=&#8221;1.3em&#8221; background_color=&#8221;#f4f4f4&#8243; text_orientation=&#8221;center&#8221; custom_margin=&#8221;||||false|false&#8221; custom_padding=&#8221;10px|10px|10px|10px|true|true&#8221; border_radii=&#8221;on|10px|10px|10px|10px&#8221; box_shadow_style=&#8221;preset1&#8243;]<\/p>\n<p><span>Sfera activit\u0103\u021bii antreprenoriale este reglementat\u0103 de legisla\u021bia civil\u0103, fiscal\u0103, muncii, funciar\u0103 \u0219i financiar\u0103 a Republicii Moldova. O astfel de &#8230;<\/span><\/p>\n<p>[\/et_pb_blurb][et_pb_blurb title=&#8221;LEGEA FISCAL\u0102&#8221; url=&#8221;http:\/\/juristconsult.md\/index.php\/14-legea-fiscala-2\/&#8221; image=&#8221;http:\/\/juristconsult.md\/wp-content\/uploads\/2021\/03\/14-legea-fiscala-1.jpg&#8221; _builder_version=&#8221;4.4.6&#8243; text_orientation=&#8221;center&#8221; custom_margin=&#8221;||||false|false&#8221; custom_padding=&#8221;10px|10px|10px|10px|true|true&#8221; border_radii=&#8221;on|10px|10px|10px|10px&#8221; box_shadow_style=&#8221;preset1&#8243;]<\/p>\n<p><span>Legisla\u021bia fiscal\u0103 a Republicii Moldova prevede plata diferitelor impozite pentru persoane fizice c\u00eet \u0219i juridice. Reclama\u021biile fiscale sunt adesea controversate sau&#8230;<\/span><\/p>\n<p>[\/et_pb_blurb][\/et_pb_column][et_pb_column type=&#8221;1_4&#8243; _builder_version=&#8221;4.4.6&#8243;][et_pb_blurb title=&#8221;CONTRACTE&#8221; url=&#8221;http:\/\/juristconsult.md\/index.php\/4-contracte-2\/&#8221; image=&#8221;http:\/\/juristconsult.md\/wp-content\/uploads\/2021\/03\/4-contracte-1.jpg&#8221; _builder_version=&#8221;4.4.6&#8243; text_orientation=&#8221;center&#8221; custom_margin=&#8221;||||false|false&#8221; custom_padding=&#8221;10px|10px|10px|10px|true|true&#8221; border_radii=&#8221;on|10px|10px|10px|10px&#8221; box_shadow_style=&#8221;preset1&#8243;]<\/p>\n<p><span>Orice tranzac\u021bie fie cu o persoan\u0103 juridic\u0103 fie persoan\u0103 fizic\u0103 este necesar de a i se da o form\u0103 juridic\u0103 \u0219i anume prin \u00eentocmirea unui contract.\u00a0\u00cencheierea&#8230;<\/span><\/p>\n<p>[\/et_pb_blurb][et_pb_blurb title=&#8221;MO\u0218TENIREA&#8221; url=&#8221;http:\/\/juristconsult.md\/index.php\/8-mostenirea-2\/&#8221; image=&#8221;http:\/\/juristconsult.md\/wp-content\/uploads\/2021\/03\/8-mostenirea-1.jpg&#8221; _builder_version=&#8221;4.4.6&#8243; background_color=&#8221;#f4f4f4&#8243; text_orientation=&#8221;center&#8221; custom_margin=&#8221;||||false|false&#8221; custom_padding=&#8221;10px|10px|10px|10px|true|true&#8221; border_radii=&#8221;on|10px|10px|10px|10px&#8221; box_shadow_style=&#8221;preset1&#8243;]<\/p>\n<p><span>Exist\u0103 o mul\u021bime de \u00eentreb\u0103ri care apar atunci c\u00e2nd se \u00eenregistreaz\u0103 o mo\u0219tenire pentru proprietate. Pentru ca procesul de mo\u0219tenire s\u0103 se desf\u0103\u0219oare f\u0103r\u0103 probleme&#8230;<\/span><\/p>\n<p>[\/et_pb_blurb][et_pb_blurb title=&#8221;PROTEC\u021aIA CONSUMATORULUI&#8221; url=&#8221;http:\/\/juristconsult.md\/index.php\/12-protectia-consumatorului-2\/&#8221; image=&#8221;http:\/\/juristconsult.md\/wp-content\/uploads\/2021\/03\/protectia-consumatorului.jpg&#8221; _builder_version=&#8221;4.4.6&#8243; header_line_height=&#8221;1.1em&#8221; text_orientation=&#8221;center&#8221; custom_margin=&#8221;||||false|false&#8221; custom_padding=&#8221;10px|10px|10px|10px|true|true&#8221; border_radii=&#8221;on|10px|10px|10px|10px&#8221; box_shadow_style=&#8221;preset1&#8243;]<\/p>\n<p><span>\u00cenc\u0103lcarea drepturilor consumatorilor este unul dintre cele mai presante subiecte de ast\u0103zi. Aproape \u00een fiecare zi, o persoan\u0103 se\u00a0 &#8230;<\/span><\/p>\n<p>[\/et_pb_blurb][\/et_pb_column][\/et_pb_row][\/et_pb_section][et_pb_section fb_built=&#8221;1&#8243; _builder_version=&#8221;4.4.6&#8243; background_image=&#8221;http:\/\/juristconsult.md\/wp-content\/uploads\/2021\/04\/law.jpg&#8221; parallax=&#8221;on&#8221;][et_pb_row _builder_version=&#8221;4.4.6&#8243;][et_pb_column type=&#8221;4_4&#8243; _builder_version=&#8221;4.4.6&#8243;][et_pb_text _builder_version=&#8221;4.4.6&#8243; text_font=&#8221;|600|||||||&#8221; text_text_color=&#8221;#ffffff&#8221; text_font_size=&#8221;20px&#8221; text_line_height=&#8221;1.3em&#8221; background_enable_color=&#8221;off&#8221; background_layout=&#8221;dark&#8221; text_text_shadow_style=&#8221;preset2&#8243;]<\/p>\n<h1 style=\"text-align: center;\"><strong>DE CE NOI ?<\/strong><\/h1>\n<h4 style=\"text-align: center;\">Oferim servicii de calitate<\/h4>\n<p style=\"text-align: center;\">Pentru ca profesionalismul \u021bi-l dovedim in fiecare zi, prin lucruri concrete. V\u0103 preg\u0103tim totul p\u00een\u0103 la cele mai mici am\u0103nunte. Voi cere\u021bi \u0219i noi r\u0103spundem solicit\u0103rii. V\u0103 sf\u0103tuim \u0219i v\u0103 \u00eendrum\u0103m. V\u0103 oferim idei \u0219i v\u0103 \u00eencuraj\u0103m s\u0103 \u00eendr\u0103zni\u021bi. Voi decide\u021bi, noi concretiz\u0103m. Repede \u0219i bine.<\/p>\n<p>[\/et_pb_text][\/et_pb_column][\/et_pb_row][et_pb_row column_structure=&#8221;1_3,1_3,1_3&#8243; _builder_version=&#8221;4.4.6&#8243;][et_pb_column type=&#8221;1_3&#8243; _builder_version=&#8221;4.4.6&#8243;][et_pb_blurb title=&#8221;Perfect\u0103m rapid&#8221; use_icon=&#8221;on&#8221; font_icon=&#8221;%%227%%&#8221; icon_color=&#8221;#494949&#8243; _builder_version=&#8221;4.4.6&#8243; header_font=&#8221;|600||on|||||&#8221; header_font_size=&#8221;20px&#8221; background_color=&#8221;rgba(214,214,214,0.7)&#8221; text_orientation=&#8221;center&#8221; custom_margin=&#8221;||||false|false&#8221; custom_padding=&#8221;10px|10px|10px|10px|true|true&#8221; border_radii=&#8221;on|10px|10px|10px|10px&#8221; box_shadow_style=&#8221;preset1&#8243;]<\/p>\n<p><span>Respect\u0103m termenii stabili\u021bi \u00een contract, \u0219i ajut\u0103m &#8230;<\/span><\/p>\n<p>[\/et_pb_blurb][\/et_pb_column][et_pb_column type=&#8221;1_3&#8243; _builder_version=&#8221;4.4.6&#8243;][et_pb_blurb title=&#8221;Cele mai bune pre\u021buri&#8221; use_icon=&#8221;on&#8221; font_icon=&#8221;%%280%%&#8221; icon_color=&#8221;#494949&#8243; _builder_version=&#8221;4.4.6&#8243; header_font=&#8221;|600||on|||||&#8221; header_font_size=&#8221;20px&#8221; background_color=&#8221;rgba(214,214,214,0.7)&#8221; text_orientation=&#8221;center&#8221; custom_margin=&#8221;||||false|false&#8221; custom_padding=&#8221;10px|10px|10px|10px|true|true&#8221; border_radii=&#8221;on|10px|10px|10px|10px&#8221; box_shadow_style=&#8221;preset1&#8243;]<\/p>\n<p><span>Ins\u0103 nu doar pre\u021bul face diferen\u021ba. \u00cen aceala\u0219i timp, oferim o gama variata de servicii, sus\u021binute de solu\u021bii optime. &#8230;<\/span><\/p>\n<p>[\/et_pb_blurb][\/et_pb_column][et_pb_column type=&#8221;1_3&#8243; _builder_version=&#8221;4.4.6&#8243;][et_pb_blurb title=&#8221;Echip\u0103 profesionist\u0103&#8221; use_icon=&#8221;on&#8221; font_icon=&#8221;%%259%%&#8221; icon_color=&#8221;#494949&#8243; _builder_version=&#8221;4.4.6&#8243; header_font=&#8221;|600||on|||||&#8221; header_font_size=&#8221;20px&#8221; background_color=&#8221;rgba(214,214,214,0.7)&#8221; text_orientation=&#8221;center&#8221; custom_margin=&#8221;||||false|false&#8221; custom_padding=&#8221;10px|10px|10px|10px|true|true&#8221; border_radii=&#8221;on|10px|10px|10px|10px&#8221; box_shadow_style=&#8221;preset1&#8243;]<\/p>\n<p><span>Exper\u021bii no\u021btrii, juri\u0219ti, avoca\u021bi \u0219i consultan\u021bi, in domeniu v\u0103 ajut\u0103 s\u0103 rezolva\u021bi \u00eentreb\u0103rile. &#8230;<\/span><\/p>\n<p>[\/et_pb_blurb][\/et_pb_column][\/et_pb_row][\/et_pb_section]<\/p>\n","protected":false},"excerpt":{"rendered":"<p>[et_pb_section fb_built=&#8221;1&#8243; fullwidth=&#8221;on&#8221; _builder_version=&#8221;4.4.6&#8243;][et_pb_fullwidth_header text_orientation=&#8221;center&#8221; header_fullscreen=&#8221;on&#8221; header_scroll_down=&#8221;on&#8221; button_one_text=&#8221;Ob\u021bine o consulta\u021bie on-line&#8221; background_overlay_color=&#8221;rgba(0,0,0,0)&#8221; _builder_version=&#8221;4.4.6&#8243; title_font=&#8221;||||||||&#8221; background_enable_color=&#8221;off&#8221; background_image=&#8221;http:\/\/juristconsult.md\/wp-content\/uploads\/2021\/07\/wp4011487-justice-wallpapers.jpg&#8221; parallax=&#8221;on&#8221; custom_button_one=&#8221;on&#8221; button_one_text_size=&#8221;21px&#8221; button_one_bg_color=&#8221;#a31326&#8243; button_one_border_width=&#8221;0px&#8221; button_one_border_radius=&#8221;6px&#8221; button_one_letter_spacing=&#8221;2px&#8221; button_one_font=&#8221;|||on|||||&#8221; button_one_icon=&#8221;%%45%%&#8221; hover_enabled=&#8221;0&#8243; title_text_shadow_style=&#8221;preset1&#8243; button_one_text_shadow_style=&#8221;preset3&#8243; box_shadow_style_button_one=&#8221;preset1&#8243; button_one_url=&#8221;m.me\/109412784768592&#8243;][\/et_pb_fullwidth_header][\/et_pb_section][et_pb_section fb_built=&#8221;1&#8243; fullwidth=&#8221;on&#8221; _builder_version=&#8221;4.4.6&#8243; background_color=&#8221;#3a6b1c&#8221;][et_pb_fullwidth_slider _builder_version=&#8221;4.4.6&#8243; background_color=&#8221;#cd5c5c&#8221; use_background_color_gradient=&#8221;on&#8221; background_color_gradient_start=&#8221;#cd5c5c&#8221; background_color_gradient_end=&#8221;#fff&#8221; background_color_gradient_start_position=&#8221;50%&#8221; background_enable_image=&#8221;off&#8221; custom_margin=&#8221;0px||||false|false&#8221; custom_padding=&#8221;90px||90px||true|false&#8221;][et_pb_slide heading=&#8221;Consultan\u021b\u0103 juridic\u0103 de drept civil, penal sau comercial \u00een pandemie!&#8221; button_text=&#8221;Vezi detalii&#8221; [&hellip;]<\/p>\n","protected":false},"author":1,"featured_media":0,"parent":0,"menu_order":0,"comment_status":"closed","ping_status":"closed","template":"","meta":{"_et_pb_use_builder":"on","_et_pb_old_content":"","_et_gb_content_width":"","footnotes":""},"class_list":["post-5","page","type-page","status-publish","hentry"],"_links":{"self":[{"href":"http:\/\/juristconsult.md\/index.php\/wp-json\/wp\/v2\/pages\/5","targetHints":{"allow":["GET"]}}],"collection":[{"href":"http:\/\/juristconsult.md\/index.php\/wp-json\/wp\/v2\/pages"}],"about":[{"href":"http:\/\/juristconsult.md\/index.php\/wp-json\/wp\/v2\/types\/page"}],"author":[{"embeddable":true,"href":"http:\/\/juristconsult.md\/index.php\/wp-json\/wp\/v2\/users\/1"}],"replies":[{"embeddable":true,"href":"http:\/\/juristconsult.md\/index.php\/wp-json\/wp\/v2\/comments?post=5"}],"version-history":[{"count":30,"href":"http:\/\/juristconsult.md\/index.php\/wp-json\/wp\/v2\/pages\/5\/revisions"}],"predecessor-version":[{"id":307,"href":"http:\/\/juristconsult.md\/index.php\/wp-json\/wp\/v2\/pages\/5\/revisions\/307"}],"wp:attachment":[{"href":"http:\/\/juristconsult.md\/index.php\/wp-json\/wp\/v2\/media?parent=5"}],"curies":[{"name":"wp","href":"https:\/\/api.w.org\/{rel}","templated":true}]}}