{"id":56,"date":"2021-03-18T14:26:56","date_gmt":"2021-03-18T14:26:56","guid":{"rendered":"http:\/\/juristconsult.md\/?page_id=56"},"modified":"2021-03-18T15:17:05","modified_gmt":"2021-03-18T15:17:05","slug":"2-incasarea-datoriilor","status":"publish","type":"page","link":"http:\/\/juristconsult.md\/index.php\/2-incasarea-datoriilor\/","title":{"rendered":"2. \u00ceNCASAREA DATORIILOR"},"content":{"rendered":"\n[et_pb_section fb_built=&#8221;1&#8243; _builder_version=&#8221;4.4.6&#8243;][et_pb_row column_structure=&#8221;2_5,3_5&#8243; _builder_version=&#8221;4.4.6&#8243; saved_tabs=&#8221;all&#8221;][et_pb_column type=&#8221;2_5&#8243; _builder_version=&#8221;4.4.6&#8243;][et_pb_image src=&#8221;http:\/\/juristconsult.md\/wp-content\/uploads\/2021\/03\/2-incasare-datorii.jpg&#8221; title_text=&#8221;2 incasare datorii&#8221; _builder_version=&#8221;4.4.6&#8243; hover_enabled=&#8221;0&#8243; border_radii=&#8221;on|20px|20px|20px|20px&#8221; box_shadow_style=&#8221;preset3&#8243;][\/et_pb_image][\/et_pb_column][et_pb_column type=&#8221;3_5&#8243; _builder_version=&#8221;4.4.6&#8243;][et_pb_text _builder_version=&#8221;4.4.6&#8243; text_font=&#8221;||||||||&#8221; text_font_size=&#8221;18px&#8221; background_color=&#8221;rgba(0,0,0,0)&#8221; text_orientation=&#8221;justified&#8221; custom_margin=&#8221;41px||41px||true|false&#8221; animation_style=&#8221;slide&#8221; hover_enabled=&#8221;0&#8243;]<h2><strong><em>\u00ceNCASAREA DATORIILOR<\/em><\/strong><\/h2>\n<p>Cerin\u021ba de baz\u0103 \u00een acordarea unui \u00eemprumut fie prin semnarea unui contract la notar, \u00eentocmirea unei recipise sau acordarea unui \u00eemprumut f\u0103r\u0103 nici un \u00eenscris este recuperarea datoriei. \u00cens\u0103 persoanele mereu se eschiveaz\u0103 de la onorarea obliga\u021biilor nedorind s\u0103 achite datoria conform \u00een\u021belegerii.<\/p>\n<p>Juri\u0219tii <strong><em>\u201eK\u201d<\/em><\/strong> sunt specializa\u021bi \u00een \u00eencasarea datoriilor.Se analizeaz\u0103 condi\u021biile \u00een care a fost acordat \u00eemprumutul, se calculeaz\u0103 dob\u00eenzile, se creeaz\u0103 o strategie \u00een recuperarea datoriilor, se preg\u0103tesc actele necesare pentru \u00eencasarea datoriei prin intermediul instan\u021bei, se ob\u021bine un titlu executoriu, precum \u0219i depunerea titlului la executorul judec\u0103toresc \u0219i urm\u0103rirea exercit\u0103rii atribu\u021biilor executorului judec\u0103toresc privind executarea titlului.<\/p>\n[\/et_pb_text][et_pb_button button_text=&#8221;Contacteaz\u0103-ne acum!&#8221; _builder_version=&#8221;4.4.6&#8243;][\/et_pb_button][\/et_pb_column][\/et_pb_row][\/et_pb_section]\n","protected":false},"excerpt":{"rendered":"","protected":false},"author":1,"featured_media":0,"parent":0,"menu_order":0,"comment_status":"closed","ping_status":"closed","template":"","meta":{"_et_pb_use_builder":"on","_et_pb_old_content":"","_et_gb_content_width":"","footnotes":""},"class_list":["post-56","page","type-page","status-publish","hentry"],"_links":{"self":[{"href":"http:\/\/juristconsult.md\/index.php\/wp-json\/wp\/v2\/pages\/56","targetHints":{"allow":["GET"]}}],"collection":[{"href":"http:\/\/juristconsult.md\/index.php\/wp-json\/wp\/v2\/pages"}],"about":[{"href":"http:\/\/juristconsult.md\/index.php\/wp-json\/wp\/v2\/types\/page"}],"author":[{"embeddable":true,"href":"http:\/\/juristconsult.md\/index.php\/wp-json\/wp\/v2\/users\/1"}],"replies":[{"embeddable":true,"href":"http:\/\/juristconsult.md\/index.php\/wp-json\/wp\/v2\/comments?post=56"}],"version-history":[{"count":7,"href":"http:\/\/juristconsult.md\/index.php\/wp-json\/wp\/v2\/pages\/56\/revisions"}],"predecessor-version":[{"id":105,"href":"http:\/\/juristconsult.md\/index.php\/wp-json\/wp\/v2\/pages\/56\/revisions\/105"}],"wp:attachment":[{"href":"http:\/\/juristconsult.md\/index.php\/wp-json\/wp\/v2\/media?parent=56"}],"curies":[{"name":"wp","href":"https:\/\/api.w.org\/{rel}","templated":true}]}}