{"id":90,"date":"2021-03-18T15:01:18","date_gmt":"2021-03-18T15:01:18","guid":{"rendered":"http:\/\/juristconsult.md\/?page_id=90"},"modified":"2021-03-18T15:16:32","modified_gmt":"2021-03-18T15:16:32","slug":"5-tranzactii-imobiliare-2","status":"publish","type":"page","link":"http:\/\/juristconsult.md\/index.php\/5-tranzactii-imobiliare-2\/","title":{"rendered":"5. TRANZAC\u021aII IMOBILIARE"},"content":{"rendered":"\n[et_pb_section fb_built=&#8221;1&#8243; _builder_version=&#8221;4.4.6&#8243;][et_pb_row column_structure=&#8221;2_5,3_5&#8243; _builder_version=&#8221;4.4.6&#8243; saved_tabs=&#8221;all&#8221;][et_pb_column type=&#8221;2_5&#8243; _builder_version=&#8221;4.4.6&#8243;][et_pb_image src=&#8221;http:\/\/juristconsult.md\/wp-content\/uploads\/2021\/03\/5-tranzactii-imobiliare.jpg&#8221; title_text=&#8221;5 tranzactii imobiliare&#8221; _builder_version=&#8221;4.4.6&#8243; hover_enabled=&#8221;0&#8243; border_radii=&#8221;on|20px|20px|20px|20px&#8221; box_shadow_style=&#8221;preset3&#8243;][\/et_pb_image][\/et_pb_column][et_pb_column type=&#8221;3_5&#8243; _builder_version=&#8221;4.4.6&#8243;][et_pb_text _builder_version=&#8221;4.4.6&#8243; text_font=&#8221;||||||||&#8221; text_font_size=&#8221;18px&#8221; background_color=&#8221;rgba(0,0,0,0)&#8221; text_orientation=&#8221;justified&#8221; custom_margin=&#8221;||||true|false&#8221; animation_style=&#8221;slide&#8221; hover_enabled=&#8221;0&#8243;]<h2><strong><em>TRANZAC\u021aII IMOBILIARE<\/em> <\/strong><\/h2>\n<p>Consulta\u021bia juridic\u0103 exact\u0103 \u0219i complet\u0103 este un serviciu util \u00een orice etap\u0103 a unei tranzac\u021bii imobiliare. La urma urmei, chiar \u0219i o simpl\u0103 gre\u0219eal\u0103 de eroare sau o inexactitate minim\u0103 \u00een contractul de \u00eenregistrare a propriet\u0103\u021bii v\u0103 poate crea probleme \u00een viitor, p\u00e2n\u0103 la recunoa\u0219terea tranzac\u021biei ca fiind ilegal\u0103. Ulterior, va fi extrem de dificil s\u0103 evita\u021bi litigiile \u00een instan\u021ba de judecat\u0103.<\/p>\n<p>De asemenea, necesit\u0103 \u00eenso\u021birea unui avocat competent, la \u00eencheierea contractelor de v\u00eenzare &#8211; cump\u0103rare, predarea sau primirea \u00een chirie a bunurilor imobile. Din p\u0103cate, s-ar putea s\u0103 v\u0103 confrunta\u021bi cu chiria\u0219i \u0219i proprietari f\u0103r\u0103 scrupule, deci este mai bine s\u0103 juca\u021bi \u00een siguran\u021b\u0103 \u0219i s\u0103 apela\u021bi la speciali\u0219tii <strong><em>\u201dK\u201d<\/em><\/strong>pentru ajutor.<\/p>\n<p> Nu numai c\u0103 v\u0103 vom salva de multe riscuri, dar v\u0103 vom ajuta \u0219i la asigurarea diferitelor nuan\u021be din contractul de \u00eenchiriere, v\u00eenzare- cump\u0103rare. Problemele pl\u0103\u021bii \u00een timp util, verificarea fiabilit\u0103\u021bii subiectelor tranzac\u021biei \u0219i responsabilitatea pentru daune asupra bunului \u00eenchiriat care la fel sunt extrem de importante.<\/p>\n[\/et_pb_text][et_pb_button button_text=&#8221;Contacteaz\u0103-ne acum!&#8221; _builder_version=&#8221;4.4.6&#8243;][\/et_pb_button][\/et_pb_column][\/et_pb_row][\/et_pb_section]\n","protected":false},"excerpt":{"rendered":"","protected":false},"author":1,"featured_media":0,"parent":0,"menu_order":0,"comment_status":"closed","ping_status":"closed","template":"","meta":{"_et_pb_use_builder":"on","_et_pb_old_content":"","_et_gb_content_width":"","footnotes":""},"class_list":["post-90","page","type-page","status-publish","hentry"],"_links":{"self":[{"href":"http:\/\/juristconsult.md\/index.php\/wp-json\/wp\/v2\/pages\/90","targetHints":{"allow":["GET"]}}],"collection":[{"href":"http:\/\/juristconsult.md\/index.php\/wp-json\/wp\/v2\/pages"}],"about":[{"href":"http:\/\/juristconsult.md\/index.php\/wp-json\/wp\/v2\/types\/page"}],"author":[{"embeddable":true,"href":"http:\/\/juristconsult.md\/index.php\/wp-json\/wp\/v2\/users\/1"}],"replies":[{"embeddable":true,"href":"http:\/\/juristconsult.md\/index.php\/wp-json\/wp\/v2\/comments?post=90"}],"version-history":[{"count":3,"href":"http:\/\/juristconsult.md\/index.php\/wp-json\/wp\/v2\/pages\/90\/revisions"}],"predecessor-version":[{"id":102,"href":"http:\/\/juristconsult.md\/index.php\/wp-json\/wp\/v2\/pages\/90\/revisions\/102"}],"wp:attachment":[{"href":"http:\/\/juristconsult.md\/index.php\/wp-json\/wp\/v2\/media?parent=90"}],"curies":[{"name":"wp","href":"https:\/\/api.w.org\/{rel}","templated":true}]}}